of 9 and p.
9
Let i(m) = -18*m - 6. Let w be i(-3). What is the highest common divisor of w and 16?
16
Suppose -2*n + 4*o = -34, 0*o - 5*o - 49 = -3*n. Let r = 34 - 21. Calculate the greatest common divisor of r and n.
13
Let j be 114/8 + (-1)/4. Suppose 2*z = -2*k + 52, -4*k + 0 = 2*z - 48. Calculate the highest common factor of z and j.
14
Let h(r) = -29*r - 3. Let a be h(4). Let x = 251 + a. Suppose -3*i - 2*i + 60 = 0. What is the greatest common divisor of x and i?
12
Let t = 501 + -225. Let m be 6/15 - t/(-10). Calculate the greatest common factor of 42 and m.
14
Let i(m) = m**3 - 2*m**2 - m + 6. Let k be i(4). Let a = 2 - -3. Suppose -65 = -a*x + 190. Calculate the greatest common divisor of k and x.
17
Let z(k) = 6*k**2. Let b = 12 - 11. Let c be z(b). Let l be 2/5 + (-174)/(-15). What is the highest common factor of c and l?
6
Suppose -g + 5*g = 0. Suppose 0 = -h - 0*o + 5*o + 62, g = -3*o - 9. Suppose -h = -2*p - 11. Calculate the greatest common divisor of p and 45.
9
Let l be 11/(-55) - (-106)/5. Calculate the greatest common factor of 7 and l.
7
Let r be 3 - (-193 - (-6)/(-3)). Let q be -15*(2/(-10) + -1). Calculate the highest common factor of r and q.
18
Let f = -83 - -178. Suppose f = 4*j - 45. Calculate the greatest common factor of 5 and j.
5
Let n = -9 - -20. Let y = 47 - 3. Calculate the greatest common factor of n and y.
11
Suppose 2*q + 3*q = 0. Suppose -t - 2 + 8 = q. Let n be t/15 + 1494/15. What is the greatest common divisor of n and 40?
20
Suppose -3*o + 5 = 3*t - 10, 0 = 4*t - o - 45. What is the highest common divisor of 110 and t?
10
Suppose 5*m = -2*k + 34, -4*k + 82 = 3*m - 0*m. Calculate the greatest common divisor of k and 110.
22
Let d = 1 + 2. Suppose d*q + 0*q - 234 = 0. What is the highest common factor of 52 and q?
26
Let q be (-2)/7 - (-150)/35. Calculate the highest common factor of 10 and q.
2
Let s be ((-5)/(-4))/(8/608). What is the highest common factor of s and 38?
19
Let s(g) = -5*g - 6. Let r be s(-6). Let x = r - 13. What is the highest common factor of x and 33?
11
Suppose 3*u - 15 = -2*u. Suppose 3*z - 17 + 2 = 0. Suppose -u = -3*y, c - 6*c = z*y - 55. Calculate the greatest common factor of c and 4.
2
Suppose 40 = u - 3*p, -5*u + p = -87 - 183. Let k be (-3)/(((-2)/2)/u). Calculate the highest common factor of k and 15.
15
Let s(r) = -r**2 + 10*r + 5. Let q be s(10). Suppose -7 - 8 = -q*z. Calculate the greatest common divisor of 24 and z.
3
Let u = 7 - 4. Suppose 0 = -y + u - 2. Suppose -29 = -l - y. What is the highest common divisor of l and 4?
4
Suppose 0 = -5*w - 3*x + 30, 2*w + x - 12 = -4*x. Suppose v - 34 = 3*m - 1, v - 4*m - 28 = 0. Calculate the greatest common divisor of w and v.
6
Let l = 734 + -514. Let i be (-1 - 3)/(6 - 8). Let n be (0 - i)/(2/(-20)). Calculate the highest common divisor of l and n.
20
Let g(a) = a**3 - 3*a**2 + a. Let f be g(5). What is the greatest common factor of f and 22?
11
Let p be 11 - -2*1/2. Suppose 0 = 4*m + 2*y - 298, 9*m = 10*m - 4*y - 52. What is the greatest common factor of p and m?
12
Let i = 988 - 493. What is the greatest common divisor of i and 55?
55
Suppose -3 = -6*t + 9. Calculate the highest common factor of t and 2.
2
Let k = -1430 + 2008. Let s be k/17 - (-1 - -4). What is the highest common divisor of s and 124?
31
Suppose 3*u + 6 = 0, -5*u = -w - 10 + 24. Suppose w*n = 26 + 106. Calculate the greatest common factor of 11 and n.
11
Suppose -9*g + 19 = -35. Calculate the highest common factor of g and 12.
6
Suppose 8*x - 4*x = 600. Let i(l) = -l**3 + 7*l**2 - 4*l + 3. Suppose 4*m - 24 = -0*m. Let t be i(m). Calculate the highest common factor of t and x.
15
Suppose p = -4*g + 23, 0*g + 92 = 4*p - 2*g. Suppose -3*d - p = -104. Calculate the greatest common factor of d and 9.
9
Suppose s = 4*a - 7, 4*a = 4*s - 7 - 1. Calculate the greatest common factor of 5 and a.
1
Let c be (-9)/15 + (-1046)/(-10). What is the greatest common factor of 13 and c?
13
Let o = 25 - 11. Suppose -s + 2*s - o = 0. Suppose 0*y - y + 3*w = -23, -3*y = -4*w - 54. What is the highest common factor of y and s?
14
Suppose j + 162 + 437 = 5*s, -2 = -2*j. Let k(g) = g**3 - 8*g**2 - 8*g + 6. Let c be k(9). Calculate the highest common factor of c and s.
15
Let w = -9 - -13. Suppose l = -3*i + 4*l + 9, w*i = -l - 3. Suppose 31 = -i*v + 4*v + p, 2*v + 2*p - 14 = 0. Calculate the greatest common factor of v and 88.
8
Suppose 5*r = r + 2520. Suppose u - r = -4*u. Calculate the greatest common divisor of 18 and u.
18
Let x be 1/(-1)*(-102 + 2). Let l = 6 - -14. Calculate the highest common factor of x and l.
20
Suppose -2*z - c - 2*c + 145 = 0, 0 = 4*z + 2*c - 302. Calculate the greatest common factor of z and 11.
11
Suppose -5*o + 270 + 130 = 0. Calculate the greatest common divisor of 200 and o.
40
Let f = -18 + 10. Let h = 1 - f. Calculate the greatest common divisor of 99 and h.
9
Let f(v) = -15*v**3 + 9*v**2 - 7*v + 10. Let q be f(-7). Suppose -4*i = i - q. Let a be 14/(-49) + i/7. Calculate the greatest common divisor of 23 and a.
23
Suppose -2 - 9 = -o. Suppose h - 195 = -o. Suppose -40 + h = 3*c. Calculate the highest common divisor of 32 and c.
16
Let w(r) = -r + 1. Let g(z) = -108*z + 1. Let b(v) = g(v) + w(v). Let x be b(-2). Calculate the greatest common divisor of x and 20.
20
Suppose 0*n = -3*n + 2376. Suppose -n = 2*q - 6*q. Calculate the greatest common divisor of q and 18.
18
Let i be -1 + 4 - (-11 - 7). Let a be ((-693)/((-3)/1))/1. Calculate the highest common divisor of i and a.
21
Let l be (351/4)/((6/24)/1). What is the greatest common divisor of 39 and l?
39
Let l(s) = s + 25. Let w be l(0). Let q be ((-21)/(-4) - (3 - -1))*8. Calculate the greatest common factor of q and w.
5
Let h be 1/(-2) + 279/18. Calculate the greatest common factor of 45 and h.
15
Let x(v) = v**3 - 11*v**2 + 5*v + 12. Let p be x(11). Suppose -3*b + p = 22. Let g = 0 + b. What is the highest common divisor of 5 and g?
5
Let w = 97 + -22. Let u = 84 + -59. Calculate the greatest common factor of u and w.
25
Suppose 0 = w + 2*w - 18. Let n = 14 - w. Calculate the greatest common divisor of 40 and n.
8
Let p = 0 + 1. Let k be 27 - (0 - (-3)/p). What is the greatest common factor of 8 and k?
8
Let l(k) = -31*k - 2. Let g be l(-5). Suppose 2*v + 3 = 3*v. Let o = 20 - v. What is the highest common divisor of o and g?
17
Suppose 5*k = -2*w + 66, 0 = -2*k - 5*w + 7 + 11. Calculate the highest common divisor of 7 and k.
7
Let p = -110 - -319. Let h = 7 + 12. What is the highest common factor of h and p?
19
Let y(p) = -p**2 + 13*p + 16. Let i be y(11). Calculate the greatest common factor of 95 and i.
19
Let p(k) = -k**2 + 6*k + 1. Let l be p(3). What is the greatest common divisor of l and 40?
10
Let z be 6 + (0 + 1)*2. Calculate the highest common divisor of 88 and z.
8
Suppose -t = p - 3, p - 23 = -0*p + 4*t. Let i be (-11 - p)*8/(-6). What is the greatest common factor of 192 and i?
24
Suppose 2*u + 0*n - 63 = 5*n, 4*n - 4 = 0. Calculate the highest common divisor of 119 and u.
17
Let l = -2 - -3. Let v = 3 + l. Let p be -27 - -31 - 0/(3 - 2). Calculate the greatest common factor of p and v.
4
Let y = 34 - -5. What is the highest common factor of y and 26?
13
Let a = -123 - -158. Calculate the highest common divisor of 15 and a.
5
Suppose 3*s - 10 = -2*s. Suppose -9 = -4*g + g. Calculate the greatest common factor of g and s.
1
Let a(x) = 3*x - 12. Let j be a(8). Suppose -i = 5, -4*r + 2*r = 5*i - 191. What is the highest common divisor of r and j?
12
Let j = 17 + -8. Calculate the greatest common divisor of j and 27.
9
Suppose 35 = -2*q + 87. Suppose z - 3*m = 2*z - 5, -2*m = -3*z + q. Let n be (z/(-1))/(2/(-10)). What is the highest common divisor of 100 and n?
20
Let l(c) = -c**3 + 24. Let a be l(0). Suppose -b + 6 + a = 0. Calculate the highest common factor of b and 20.
10
Let l(v) = 8*v + 1. Let n = -1 - -2. Let d be l(n). Let u = d - 2. Calculate the highest common factor of u and 56.
7
Suppose t - 10 = -5*g, 0*g + 3*g + 2*t = -1. Suppose 2*r - 27 = -g*w + 6*r, -40 = -5*w + 5*r. Calculate the highest common factor of 5 and w.
5
Let y = -11 - -18. Suppose -13 = 3*u - 1, 2*l - 4*u - 58 = 0. Calculate the greatest common divisor of y and l.
7
Let p = 4 + 31. What is the high